{"id":4301,"date":"2021-05-10T08:32:14","date_gmt":"2021-05-10T08:32:14","guid":{"rendered":"https:\/\/demo.harutheme.com\/frames\/?page_id=4301"},"modified":"2021-05-10T08:32:14","modified_gmt":"2021-05-10T08:32:14","slug":"person-category","status":"publish","type":"page","link":"http:\/\/www.oxilia.com.py\/?page_id=4301","title":{"rendered":"Person Category"},"content":{"rendered":"\t\t<div data-elementor-type=\"wp-page\" data-elementor-id=\"4301\" class=\"elementor elementor-4301\">\n\t\t\t\t\t\t<section class=\"elementor-section elementor-top-section elementor-element elementor-element-6eb08a5 elementor-section-boxed elementor-section-height-default elementor-section-height-default\" data-id=\"6eb08a5\" data-element_type=\"section\">\n\t\t\t\t\t\t<div class=\"elementor-container elementor-column-gap-extended\">\n\t\t\t\t\t<div class=\"elementor-column elementor-col-100 elementor-top-column elementor-element elementor-element-10f5868\" data-id=\"10f5868\" data-element_type=\"column\">\n\t\t\t<div class=\"elementor-widget-wrap elementor-element-populated\">\n\t\t\t\t\t\t<div class=\"elementor-element elementor-element-c2f5f17 grid-columns-4 grid-columns--tablet2 grid-columns--mobile1 elementor-widget elementor-widget-haru-person-category\" data-id=\"c2f5f17\" data-element_type=\"widget\" data-widget_type=\"haru-person-category.default\">\n\t\t\t\t<div class=\"elementor-widget-container\">\n\t\t\t\t\t            \n                            <div class=\"haru-person-category haru-person-category--grid haru-person-category--padding\" id=\"haru-person-category586316378\" data-settings=\"{&quot;posts_per_page&quot;:8,&quot;background_dark&quot;:&quot;&quot;,&quot;person_filter&quot;:&quot;style-1&quot;,&quot;person_filter_align&quot;:&quot;center&quot;,&quot;view_more&quot;:&quot;button&quot;,&quot;person_padding&quot;:&quot;padding&quot;,&quot;columns&quot;:&quot;4&quot;,&quot;layout&quot;:&quot;grid&quot;,&quot;post_type&quot;:&quot;haru_person&quot;,&quot;persons_ids&quot;:null,&quot;person_category_ids&quot;:&quot;&quot;,&quot;post__not_in&quot;:&quot;&quot;,&quot;orderby&quot;:&quot;date&quot;,&quot;order&quot;:&quot;desc&quot;,&quot;el_class&quot;:&quot;&quot;,&quot;columns_tablet&quot;:&quot;2&quot;,&quot;columns_mobile&quot;:&quot;1&quot;,&quot;person_style&quot;:&quot;style-1&quot;,&quot;person_filter_all&quot;:&quot;show&quot;,&quot;_title&quot;:&quot;&quot;,&quot;_element_width&quot;:&quot;&quot;,&quot;_element_width_tablet&quot;:&quot;&quot;,&quot;_element_width_mobile&quot;:&quot;&quot;,&quot;_position&quot;:&quot;&quot;,&quot;_element_id&quot;:&quot;&quot;,&quot;_css_classes&quot;:&quot;&quot;,&quot;_element_cache&quot;:&quot;&quot;,&quot;_animation&quot;:&quot;&quot;,&quot;_animation_tablet&quot;:&quot;&quot;,&quot;_animation_mobile&quot;:&quot;&quot;,&quot;animation_duration&quot;:null,&quot;_animation_delay&quot;:null,&quot;_transform_rotate_popover&quot;:&quot;&quot;,&quot;_transform_rotateZ_effect&quot;:null,&quot;_transform_rotateZ_effect_tablet&quot;:null,&quot;_transform_rotateZ_effect_mobile&quot;:null,&quot;_transform_rotate_3d&quot;:null,&quot;_transform_rotateX_effect&quot;:null,&quot;_transform_rotateX_effect_tablet&quot;:null,&quot;_transform_rotateX_effect_mobile&quot;:null,&quot;_transform_rotateY_effect&quot;:null,&quot;_transform_rotateY_effect_tablet&quot;:null,&quot;_transform_rotateY_effect_mobile&quot;:null,&quot;_transform_perspective_effect&quot;:null,&quot;_transform_perspective_effect_tablet&quot;:null,&quot;_transform_perspective_effect_mobile&quot;:null,&quot;_transform_translate_popover&quot;:&quot;&quot;,&quot;_transform_translateX_effect&quot;:null,&quot;_transform_translateX_effect_tablet&quot;:null,&quot;_transform_translateX_effect_mobile&quot;:null,&quot;_transform_translateY_effect&quot;:null,&quot;_transform_translateY_effect_tablet&quot;:null,&quot;_transform_translateY_effect_mobile&quot;:null,&quot;_transform_scale_popover&quot;:&quot;&quot;,&quot;_transform_keep_proportions&quot;:&quot;yes&quot;,&quot;_transform_scale_effect&quot;:null,&quot;_transform_scale_effect_tablet&quot;:null,&quot;_transform_scale_effect_mobile&quot;:null,&quot;_transform_scaleX_effect&quot;:null,&quot;_transform_scaleX_effect_tablet&quot;:null,&quot;_transform_scaleX_effect_mobile&quot;:null,&quot;_transform_scaleY_effect&quot;:null,&quot;_transform_scaleY_effect_tablet&quot;:null,&quot;_transform_scaleY_effect_mobile&quot;:null,&quot;_transform_skew_popover&quot;:&quot;&quot;,&quot;_transform_skewX_effect&quot;:null,&quot;_transform_skewX_effect_tablet&quot;:null,&quot;_transform_skewX_effect_mobile&quot;:null,&quot;_transform_skewY_effect&quot;:null,&quot;_transform_skewY_effect_tablet&quot;:null,&quot;_transform_skewY_effect_mobile&quot;:null,&quot;_transform_flipX_effect&quot;:&quot;&quot;,&quot;_transform_flipY_effect&quot;:&quot;&quot;,&quot;_transform_rotate_popover_hover&quot;:&quot;&quot;,&quot;_transform_rotateZ_effect_hover&quot;:null,&quot;_transform_rotateZ_effect_hover_tablet&quot;:null,&quot;_transform_rotateZ_effect_hover_mobile&quot;:null,&quot;_transform_rotate_3d_hover&quot;:null,&quot;_transform_rotateX_effect_hover&quot;:null,&quot;_transform_rotateX_effect_hover_tablet&quot;:null,&quot;_transform_rotateX_effect_hover_mobile&quot;:null,&quot;_transform_rotateY_effect_hover&quot;:null,&quot;_transform_rotateY_effect_hover_tablet&quot;:null,&quot;_transform_rotateY_effect_hover_mobile&quot;:null,&quot;_transform_perspective_effect_hover&quot;:null,&quot;_transform_perspective_effect_hover_tablet&quot;:null,&quot;_transform_perspective_effect_hover_mobile&quot;:null,&quot;_transform_translate_popover_hover&quot;:&quot;&quot;,&quot;_transform_translateX_effect_hover&quot;:null,&quot;_transform_translateX_effect_hover_tablet&quot;:null,&quot;_transform_translateX_effect_hover_mobile&quot;:null,&quot;_transform_translateY_effect_hover&quot;:null,&quot;_transform_translateY_effect_hover_tablet&quot;:null,&quot;_transform_translateY_effect_hover_mobile&quot;:null,&quot;_transform_scale_popover_hover&quot;:&quot;&quot;,&quot;_transform_keep_proportions_hover&quot;:&quot;yes&quot;,&quot;_transform_scale_effect_hover&quot;:null,&quot;_transform_scale_effect_hover_tablet&quot;:null,&quot;_transform_scale_effect_hover_mobile&quot;:null,&quot;_transform_scaleX_effect_hover&quot;:null,&quot;_transform_scaleX_effect_hover_tablet&quot;:null,&quot;_transform_scaleX_effect_hover_mobile&quot;:null,&quot;_transform_scaleY_effect_hover&quot;:null,&quot;_transform_scaleY_effect_hover_tablet&quot;:null,&quot;_transform_scaleY_effect_hover_mobile&quot;:null,&quot;_transform_skew_popover_hover&quot;:&quot;&quot;,&quot;_transform_skewX_effect_hover&quot;:null,&quot;_transform_skewX_effect_hover_tablet&quot;:null,&quot;_transform_skewX_effect_hover_mobile&quot;:null,&quot;_transform_skewY_effect_hover&quot;:null,&quot;_transform_skewY_effect_hover_tablet&quot;:null,&quot;_transform_skewY_effect_hover_mobile&quot;:null,&quot;_transform_flipX_effect_hover&quot;:&quot;&quot;,&quot;_transform_flipY_effect_hover&quot;:&quot;&quot;,&quot;_background_color&quot;:null,&quot;_background_color_b&quot;:null,&quot;_background_image&quot;:null,&quot;_background_video_link&quot;:null,&quot;_background_video_start&quot;:null,&quot;_background_video_end&quot;:null,&quot;_background_play_once&quot;:null,&quot;_background_play_on_mobile&quot;:null,&quot;_background_privacy_mode&quot;:null,&quot;_background_slideshow_gallery&quot;:null,&quot;_background_slideshow_loop&quot;:null,&quot;_background_slideshow_slide_duration&quot;:null,&quot;_background_slideshow_slide_transition&quot;:null,&quot;_background_slideshow_transition_duration&quot;:null,&quot;_background_slideshow_lazyload&quot;:null,&quot;_background_slideshow_ken_burns&quot;:null,&quot;_background_slideshow_ken_burns_zoom_direction&quot;:null,&quot;_background_hover_color&quot;:null,&quot;_background_hover_color_b&quot;:null,&quot;_background_hover_image&quot;:null,&quot;_background_hover_video_link&quot;:null,&quot;_background_hover_video_start&quot;:null,&quot;_background_hover_video_end&quot;:null,&quot;_background_hover_play_once&quot;:null,&quot;_background_hover_play_on_mobile&quot;:null,&quot;_background_hover_privacy_mode&quot;:null,&quot;_background_hover_slideshow_gallery&quot;:null,&quot;_background_hover_slideshow_loop&quot;:null,&quot;_background_hover_slideshow_slide_duration&quot;:null,&quot;_background_hover_slideshow_slide_transition&quot;:null,&quot;_background_hover_slideshow_transition_duration&quot;:null,&quot;_background_hover_slideshow_lazyload&quot;:null,&quot;_background_hover_slideshow_ken_burns&quot;:null,&quot;_background_hover_slideshow_ken_burns_zoom_direction&quot;:null,&quot;_mask_switch&quot;:&quot;&quot;,&quot;hide_desktop&quot;:&quot;&quot;,&quot;hide_tablet&quot;:&quot;&quot;,&quot;hide_mobile&quot;:&quot;&quot;}\">\n                    \n        <div class=\"person-category-top\">\n        <ul class=\"person-filter person-filter--style-1\">\n                            <li>\n                    <h6 class=\"tab-item-heading\">\n                        <a class=\"filter-item filter-all active\"\n                            href=\"javascript:;\" \n                            data-category=\"*\"\n                        >All<\/a>\n                    <\/h6>\n                <\/li>\n                                    <li>\n                <h6 class=\"tab-item-heading\">\n                    <a class=\"filter-item \"\n                        href=\"javascript:;\" \n                        data-category =\"186\"\n                    >Equipo<\/a>\n                <\/h6>\n            <\/li>\n                    <\/ul>\n    <\/div>\n    \n    <div class=\"person-ajax-content\">\n        <div class=\"ajax-loading-icon\"><div class=\"loading-bar\"><\/div><\/div>\n        <div class=\"person-category-content\">\n                        <div class=\"person-list animated fadeIn haru-clear\">\n                <article class=\"grid-item person-item person-item--style-1 person-12008 equipo \">\n    <div class=\"person-item__thumbnail\">\n        <a href=\"http:\/\/www.oxilia.com.py\/?haru_person=boris-santos-gomez-uzqueda-mba\" class=\"person-item__thumbnail-link\">\n                            <img fetchpriority=\"high\" decoding=\"async\" width=\"1440\" height=\"1440\" src=\"http:\/\/www.oxilia.com.py\/wp-content\/uploads\/2025\/02\/IMG_6232-scaled-e1739393531540.jpg\" class=\"attachment-post-thumbnail size-post-thumbnail wp-post-image\" alt=\"\" srcset=\"http:\/\/www.oxilia.com.py\/wp-content\/uploads\/2025\/02\/IMG_6232-scaled-e1739393531540.jpg 1440w, http:\/\/www.oxilia.com.py\/wp-content\/uploads\/2025\/02\/IMG_6232-scaled-e1739393531540-300x300.jpg 300w, http:\/\/www.oxilia.com.py\/wp-content\/uploads\/2025\/02\/IMG_6232-scaled-e1739393531540-1024x1024.jpg 1024w, http:\/\/www.oxilia.com.py\/wp-content\/uploads\/2025\/02\/IMG_6232-scaled-e1739393531540-150x150.jpg 150w, http:\/\/www.oxilia.com.py\/wp-content\/uploads\/2025\/02\/IMG_6232-scaled-e1739393531540-768x768.jpg 768w, http:\/\/www.oxilia.com.py\/wp-content\/uploads\/2025\/02\/IMG_6232-scaled-e1739393531540-600x600.jpg 600w\" sizes=\"(max-width: 1440px) 100vw, 1440px\" \/>                    <\/a>\n                                <div class=\"person-item__social\">\n                <ul class=\"person-item__social-list\">\n                                    <li class=\"person-item__social-item\">\n                        <a href=\"https:\/\/www.instagram.com\/borissantosgomezuzqueda\/\"><i class=\"fab fa-instagram\"><\/i><\/a>\n                    <\/li>\n                                    <li class=\"person-item__social-item\">\n                        <a href=\"https:\/\/x.com\/BorisSGomezU\"><i class=\"fab fa-x-twitter\"><\/i><\/a>\n                    <\/li>\n                                <\/ul>\n            <\/div>\n                        <\/div>\n    <div class=\"person-item__content\">\n        <h6 class=\"person-item__title\"><a href=\"http:\/\/www.oxilia.com.py\/?haru_person=boris-santos-gomez-uzqueda-mba\">Boris Santos G\u00f3mez \u00dazqueda, MBA<\/a><\/h6>\n        <div class=\"person-item__category\"><a href=\"http:\/\/www.oxilia.com.py\/?taxonomy=person_category&#038;term=equipo\" rel=\"tag\">Equipo<\/a><\/div>\n        <div class=\"person-item__meta\">\n            <div class=\"person-item__known-for\">Boris Santos G\u00f3mez \u00dazqueda<\/div>\n        <\/div>\n        <div class=\"person-item__desc\">\n            Se\u00f1or Chairman: Apuntes pr\u00e1cticos para nuevos presidentes de Directorio que dise\u00f1an y dirigen la estrategia de empresas de la industria energ\u00e9tica (Spanish Edition)&nbsp; Si quer\u00e9s leer el libro Se\u00f1or Chairman, a disposici\u00f3n de ustedes en Amazon: https:\/\/a.co\/d\/6hCQSsq        <\/div>\n        <div class=\"person-item__more\">\n            <a href=\"http:\/\/www.oxilia.com.py\/?haru_person=boris-santos-gomez-uzqueda-mba\" class=\"haru-button haru-button--size-medium haru-button--bg-black haru-button--round-normal\">Detail<\/a>\n        <\/div>\n\n            <\/div>\n<\/article>\n<article class=\"grid-item person-item person-item--style-1 person-11981 equipo \">\n    <div class=\"person-item__thumbnail\">\n        <a href=\"http:\/\/www.oxilia.com.py\/?haru_person=victorio-oxilia-davalos-phd\" class=\"person-item__thumbnail-link\">\n                            <img decoding=\"async\" width=\"959\" height=\"960\" src=\"http:\/\/www.oxilia.com.py\/wp-content\/uploads\/2025\/02\/Victorio-Perfil-e1739393684462.jpeg\" class=\"attachment-post-thumbnail size-post-thumbnail wp-post-image\" alt=\"\" srcset=\"http:\/\/www.oxilia.com.py\/wp-content\/uploads\/2025\/02\/Victorio-Perfil-e1739393684462.jpeg 959w, http:\/\/www.oxilia.com.py\/wp-content\/uploads\/2025\/02\/Victorio-Perfil-e1739393684462-300x300.jpeg 300w, http:\/\/www.oxilia.com.py\/wp-content\/uploads\/2025\/02\/Victorio-Perfil-e1739393684462-150x150.jpeg 150w, http:\/\/www.oxilia.com.py\/wp-content\/uploads\/2025\/02\/Victorio-Perfil-e1739393684462-768x769.jpeg 768w, http:\/\/www.oxilia.com.py\/wp-content\/uploads\/2025\/02\/Victorio-Perfil-e1739393684462-600x601.jpeg 600w\" sizes=\"(max-width: 959px) 100vw, 959px\" \/>                    <\/a>\n                                <div class=\"person-item__social\">\n                <ul class=\"person-item__social-list\">\n                                    <li class=\"person-item__social-item\">\n                        <a href=\"https:\/\/x.com\/OxiliaVictorio\"><i class=\"fab fa-x-twitter\"><\/i><\/a>\n                    <\/li>\n                                    <li class=\"person-item__social-item\">\n                        <a href=\"https:\/\/www.instagram.com\/victorio_oxilia\/\"><i class=\"fab fa-instagram\"><\/i><\/a>\n                    <\/li>\n                                <\/ul>\n            <\/div>\n                        <\/div>\n    <div class=\"person-item__content\">\n        <h6 class=\"person-item__title\"><a href=\"http:\/\/www.oxilia.com.py\/?haru_person=victorio-oxilia-davalos-phd\">Victorio Oxilia D\u00e1valos, PhD.<\/a><\/h6>\n        <div class=\"person-item__category\"><a href=\"http:\/\/www.oxilia.com.py\/?taxonomy=person_category&#038;term=equipo\" rel=\"tag\">Equipo<\/a><\/div>\n        <div class=\"person-item__meta\">\n            <div class=\"person-item__known-for\">Victorio Oxilia D\u00e1valos, PhD<\/div>\n        <\/div>\n        <div class=\"person-item__desc\">\n            De nacionalidad paraguaya, posee 37 a\u00f1os de experiencia en el sector energ\u00e9tico de Paraguay y de Am\u00e9rica Latina y el Caribe. Es Doctor (PhD) en Energ\u00eda, M.Sc en Historia Social de las Ciencias y F\u00edsico graduado por la Universidad de Sao Paulo, Brasil. \u201cLa transici\u00f3n energ\u00e9tica en el Paraguay se...        <\/div>\n        <div class=\"person-item__more\">\n            <a href=\"http:\/\/www.oxilia.com.py\/?haru_person=victorio-oxilia-davalos-phd\" class=\"haru-button haru-button--size-medium haru-button--bg-black haru-button--round-normal\">Detail<\/a>\n        <\/div>\n\n            <\/div>\n<\/article>\n                            <\/div>\n            \n                                                <\/div>\n    <\/div>\n\n        <div class=\"person-control hide\">\n        <div class=\"person-control-item disable\"\n            data-max_pages=\"1\" \n            data-current_page=\"1\"\n            data-category=\"*\"\n            data-action=\"prev\"\n        ><i class=\"ti-arrow-left\"><\/i><\/div>\n        <div class=\"person-control-item\"\n            data-max_pages=\"1\" \n            data-current_page=\"1\"\n            data-category=\"*\"\n            data-action=\"next\"\n        ><i class=\"ti-arrow-right\"><\/i><\/div>\n    <\/div>\n    \n                <\/div>\n            \n            \t\t\t\t<\/div>\n\t\t\t\t<\/div>\n\t\t\t\t\t<\/div>\n\t\t<\/div>\n\t\t\t\t\t<\/div>\n\t\t<\/section>\n\t\t\t\t<\/div>\n\t\t","protected":false},"excerpt":{"rendered":"<p>All Action Frames HaruTheme Brendan Bailey Action, Frames, HaruTheme Actor Lorem ipsum dolor sit amet, consectetur adipiscing elit, sed do eiusmod tempor incididunt ut labore et dolore magna aliqua. Ut enim ad minim veniam, quis nostrud exercitation ullamco laboris nisi ut aliquip ex ea commodo consequat. Duis aute irure dolor in reprehenderit in voluptate velit [&hellip;]<\/p>\n","protected":false},"author":1,"featured_media":0,"parent":0,"menu_order":0,"comment_status":"closed","ping_status":"closed","template":"","meta":{"footnotes":""},"class_list":["post-4301","page","type-page","status-publish","hentry"],"_links":{"self":[{"href":"http:\/\/www.oxilia.com.py\/index.php?rest_route=\/wp\/v2\/pages\/4301","targetHints":{"allow":["GET"]}}],"collection":[{"href":"http:\/\/www.oxilia.com.py\/index.php?rest_route=\/wp\/v2\/pages"}],"about":[{"href":"http:\/\/www.oxilia.com.py\/index.php?rest_route=\/wp\/v2\/types\/page"}],"author":[{"embeddable":true,"href":"http:\/\/www.oxilia.com.py\/index.php?rest_route=\/wp\/v2\/users\/1"}],"replies":[{"embeddable":true,"href":"http:\/\/www.oxilia.com.py\/index.php?rest_route=%2Fwp%2Fv2%2Fcomments&post=4301"}],"version-history":[{"count":0,"href":"http:\/\/www.oxilia.com.py\/index.php?rest_route=\/wp\/v2\/pages\/4301\/revisions"}],"wp:attachment":[{"href":"http:\/\/www.oxilia.com.py\/index.php?rest_route=%2Fwp%2Fv2%2Fmedia&parent=4301"}],"curies":[{"name":"wp","href":"https:\/\/api.w.org\/{rel}","templated":true}]}}